- 3, -u + 4 = -w. Let m be (u*-1)/(-7 + 4)*-3. Let y be (3/(-15))/(m/75). What is the greatest common divisor of y and 6?
3
Let c(v) = -32 - 25 + 12*v - 2 - v**2 + 5*v. Let u be c(10). Calculate the highest common factor of 55 and u.
11
Let q = 4380 - 4369. Calculate the greatest common divisor of 539 and q.
11
Let s = 14393 - 14373. Calculate the highest common divisor of 2690 and s.
10
Let t(s) be the first derivative of -2*s**3/3 + 6*s**2 - s + 158. Let p be t(4). Calculate the greatest common divisor of 885 and p.
15
Let p(x) = x**3 - 27*x**2 + 173*x - 1266. Let b be p(22). Let o(s) = 6*s**2 + 2*s - 10. Let u be o(8). What is the highest common divisor of b and u?
30
Let n(m) = 46*m - 4665. Let k be n(143). What is the greatest common factor of 1 and k?
1
Let w(v) = -2*v**2 - 49*v - 22. Let m be w(-24). Suppose -m*i + 760 = 8*i. Calculate the greatest common factor of i and 190.
38
Suppose -14*r = 7*r + 4620. Let s = r - -232. Calculate the greatest common factor of 84 and s.
12
Let q(y) = -2*y**3 - 20*y**2 - 7*y - 9. Let x be q(-10). Let a = x + -51. Let n(s) = 10*s + 44. Let v be n(a). Calculate the highest common divisor of v and 16.
16
Let x(b) = 2*b - 13. Let w be x(6). Let y(p) = 188*p**2 - p - 2. Let a be y(w). What is the highest common divisor of 33 and a?
11
Suppose -5*w + 25 = 5*b, 0 = 5*b - 0*b - 25. Let o be ((2 + w)*-2)/((-36)/216). What is the highest common factor of 156 and o?
12
Suppose 49*m - 37*m = 14256. Calculate the highest common divisor of 1404 and m.
108
Let l = -67 + 127. Let i(m) = -m**2 + 5. Let c be i(0). Let p(t) = 5*t + 11. Let s be p(c). Calculate the highest common divisor of s and l.
12
Suppose -78 = -v - 5*w, -5*v - 2*w + 419 = -6*w. Suppose 0 = 5*p - 742 - v. Suppose -5*b = -10*b + 75. What is the highest common divisor of p and b?
15
Let i = -1283 + 3484. Calculate the greatest common divisor of i and 142.
71
Let o be (-72 - -75 - ((-12)/(-10) - -2))*-290. Let w be (0 - -1) + 0 - -2. Suppose 0*l - 87 = -w*l. What is the greatest common divisor of l and o?
29
Let b be 25 + 1*(0 + -8). Suppose -3*f + 298 = u - 159, 3*f = u - 427. What is the greatest common divisor of u and b?
17
Let k(n) = 4*n**3 + 7*n**2 - 30*n + 12. Let o be k(7). What is the greatest common divisor of 111 and o?
37
Let l be (-4)/(-10) - (-76)/(-140) - 28842/(-14). What is the highest common factor of 40 and l?
20
Let d(l) = 28 + 25*l + 7*l - 11*l + l**2. Let m be d(-17). Let w be (m/(-12))/((-8)/(-132)). What is the highest common factor of w and 22?
11
Suppose 0 = 11*s - 218 - 123. Let b = -15 - -12. Let c be 2726/8 - b/12. What is the highest common divisor of c and s?
31
Let u = 95 - 59. Let z be 15/(-35) - 9231/21. Let o be ((-36)/10)/(6 + 2644/z). What is the greatest common divisor of u and o?
36
Let n = 5466 - 5456. What is the greatest common divisor of 315 and n?
5
Suppose -h + 2990 = -75*g + 79*g, -4*h = -g - 11960. Calculate the greatest common divisor of h and 690.
230
Suppose -67*h - 124 = -71*h. What is the highest common factor of h and 2?
1
Suppose 3*w - 12 = -p + 5*w, -4*p + 60 = -4*w. Let l = 39 - -27. Suppose -3*s = -3*r + l, -3*s + 123 = -r + 5*r. What is the highest common factor of p and r?
9
Let z(h) = 17*h**3 - 3*h**2 + 8*h - 10. Let q be z(2). Suppose j + 3*j + 5*b - 225 = 0, 3*j - 4*b - q = 0. Calculate the highest common divisor of j and 70.
10
Let z(w) = w**3 + 35*w**2 + 34*w + 56. Let v be z(-34). Calculate the highest common factor of v and 6104.
56
Let c be (-6)/(-4)*(-24)/(-9). Suppose c*b - 26 = 2. Let x = -98892 + 98899. Calculate the greatest common divisor of x and b.
7
Let o be 1*(2/(-3))/((-54)/1539). Calculate the greatest common factor of 19 and o.
19
Let k = 13337 - 13073. What is the highest common divisor of 384 and k?
24
Let u = -5038 + 10432. What is the greatest common factor of u and 93?
93
Suppose 0 = 4*r + p + 4*p - 527, -5*p - 113 = -r. What is the greatest common factor of r and 6336?
64
Let g be (5 + -1)/1 + 5. Suppose -44*b = -41*b - 375. Let m = -124 + b. What is the greatest common divisor of g and m?
1
Suppose 0 = 3*b + 5*j - 2478, -4003 = -5*b - 4*j + 101. Calculate the highest common divisor of 306 and b.
102
Let o be (2/(-4))/(29/((-22678)/17)). What is the greatest common divisor of o and 851?
23
Let b(i) = i**3 + 19*i**2 + 3*i + 64. Let w be b(-19). Let d(j) = -j + 17. Let z be d(3). What is the highest common factor of w and z?
7
Suppose 7*l + l = 10*l - 4064. Calculate the greatest common factor of l and 16.
16
Let g = -539 - -9626. Calculate the highest common divisor of g and 117.
39
Let m = -37175 - -37184. What is the highest common factor of 12411 and m?
9
Suppose -356*k + 346*k = -340. What is the highest common factor of k and 6?
2
Let z(d) = -7*d + 6. Let u be z(-7). Let t(b) = -62*b - 5941. Let h be t(-96). Calculate the greatest common factor of h and u.
11
Suppose -25*h + 669 = -706. What is the highest common divisor of h and 20?
5
Suppose 0 = -249*u + 247*u - 10, a = 5*u + 3965. What is the highest common factor of 60 and a?
20
Let z(o) = 90*o + 14. Let a be z(0). What is the highest common divisor of a and 539?
7
Let g = -11844 - -14340. What is the greatest common divisor of g and 128?
64
Suppose 100*m = 105*m - 79285. Suppose 223 = 10*n - m. What is the greatest common divisor of n and 67?
67
Let w = -2028 - -2032. Suppose 5*j + 4*h = 4, -3*h - 32 = j - 6*j. Suppose -j*o = -0*o - w. What is the highest common factor of o and 1?
1
Suppose 440 = 27*v - 16*v. Suppose 0 = -3*n - 0*n + 4*j + 28, 5*n - 3*j - 65 = 0. Calculate the greatest common divisor of v and n.
8
Let v be (0 - (-88)/6)*12. Let s = v + -164. Suppose 0 = l + 4 - 100. What is the greatest common factor of s and l?
12
Suppose -3*q - 120 = -5*w, 33*q - 38*q + 160 = 5*w. Calculate the highest common factor of w and 297.
27
Suppose -2*h - 21 = -3*i, -i = -h - 9 + 1. Suppose 3*y + i*l = 1298, -2*y + 644 = -5*l - 263. Calculate the greatest common factor of 98 and y.
49
Let h = -2752 + 9169. What is the highest common factor of 138 and h?
69
Suppose -6*a + a = -3*q - 1843, 0 = -2*q + 2*a - 1234. Let d = q + 927. Calculate the highest common factor of d and 34.
34
Let w(b) = -2*b**3 - 4*b**2 + 29*b. Let z be w(-7). Let c = -2074 - -2156. What is the highest common factor of z and c?
41
Let v(r) = 32*r**3 - r**2 + 2*r - 12*r**3 + 8*r**3 - 1. Let l be v(1). What is the greatest common divisor of l and 8?
4
Let y(l) = -2*l. Let s be y(-1). Suppose 0 = 4*g + 4*q + q - 394, g = 5*q + 36. What is the greatest common divisor of s and g?
2
Suppose 0 = 3*s + 2*y - 6 - 47, 4*s + y - 74 = 0. What is the greatest common divisor of s and 22401?
19
Suppose 3*s + 2*c = 102, -4 = -5*s - 2*c + 162. Suppose -4*u = -s*u + 1792. Calculate the greatest common factor of 48 and u.
16
Let y be (28/14 - (12 + -4)) + 1 + 2297. Calculate the highest common divisor of y and 12.
12
Let x be (-16)/(-2 + 29/15). Let r = -80958 - -80988. What is the greatest common factor of x and r?
30
Let g be 2/(-6) - 156/18. Let y = g + 11. Suppose -4*m + 2*b = -180, -2*b = y*m - 11 - 73. What is the greatest common divisor of 11 and m?
11
Let u(t) = t**2 + 5*t - 19. Let x be u(6). Suppose -34*s = -x*s + 13. Calculate the greatest common divisor of 9 and s.
1
Let l = 78 + 38. Suppose 0 = -5*x - c + l, 0*x + 2*x - 4*c = 64. Suppose 0 = -10*w + 12*w - x. Calculate the greatest common factor of w and 36.
12
Let r = -191 + 190. Let j(o) = 18*o**2 + 13*o + 13. Let l be j(r). Calculate the highest common factor of l and 450.
18
Suppose 22*b + 1573 = 1837. Calculate the greatest common factor of b and 2028.
12
Let i be 23/3*(105 - -27). Calculate the greatest common divisor of 44 and i.
44
Suppose -5*v + 2*y + 13 + 27 = 0, 5*y = -v + 35. Suppose -v*r = -17*r + 161. Calculate the highest common divisor of r and 23.
23
Let r(n) = n**2 - 51*n + 217. Let h be r(47). Calculate the greatest common factor of h and 4611.
29
Suppose -24*x = -4*u - 27*x + 11219, 5*u + 2*x = 14029. Calculate the highest common divisor of 7 and u.
7
Let z be (-11 - 170/(-15))/((-6)/(-150174)). What is the highest common factor of 81 and z?
81
Suppose 0 = -4*z, 5*z = 4*k - 5368 - 716. Calculate the highest common factor of k and 585.
117
Let g(u) = u**2 + 7*u + 12. Let f be g(